b539 - 25?
1b514
In base 7, what is -600050 - 4?
-600054
In base 2, what is -110 + 110010100111?
110010100001
In base 2, what is -101 + -11010010?
-11010111
In base 2, what is 11110111001 + 11011?
11111010100
In base 13, what is 3 - -96b?
971
In base 5, what is 1 - -1011103?
1011104
In base 14, what is 2ba72 - 2?
2ba70
In base 3, what is -2 - 1200100210?
-1200100212
In base 14, what is 1c6 - 33?
193
In base 4, what is -112 + -2223?
-3001
In base 10, what is -9 + 5397?
5388
In base 8, what is -2206 + -147?
-2355
In base 16, what is 5 + 4f19?
4f1e
In base 11, what is 31a7 + a?
3206
In base 12, what is 5 + -15b7?
-15b2
In base 10, what is -3 + -7299?
-7302
In base 15, what is 6 + -3265?
-325e
In base 6, what is 0 - -12254545?
12254545
In base 11, what is 31 - -1961?
1992
In base 12, what is -193 + -1518?
-16ab
In base 2, what is 10 + -1000011100100101?
-1000011100100011
In base 4, what is 10111200 + 12?
10111212
In base 12, what is -3 - 6214?
-6217
In base 9, what is -22653 + 4?
-22648
In base 7, what is -5 + 10001250?
10001242
In base 11, what is -5 + 73a13?
73a09
In base 7, what is 6425653 + 3?
6425656
In base 12, what is -205b5 + -b?
-20604
In base 15, what is -11bb - 27?
-11e3
In base 10, what is -16362 - -1?
-16361
In base 6, what is 121 - -1324?
1445
In base 14, what is -67 - -50bb?
5054
In base 11, what is 7 + 145127?
145133
In base 6, what is -15 - -1004?
545
In base 9, what is 0 - 502344?
-502344
In base 3, what is -2011101 + 1100022?
-211002
In base 6, what is 312 + -340?
-24
In base 15, what is -aadd + 4?
-aad9
In base 9, what is 6 + 25706?
25713
In base 12, what is 33a4a - 7?
33a43
In base 12, what is -512173 + 4?
-51216b
In base 13, what is -2b97 + -8?
-2ba2
In base 15, what is 3 - -93478?
9347b
In base 13, what is -227bc8 - 4?
-227bcc
In base 10, what is -9 - 6586?
-6595
In base 4, what is -13 - -1310013?
1310000
In base 2, what is -1111101011001010101 - -1?
-1111101011001010100
In base 11, what is 31 + -3696?
-3665
In base 10, what is 1193 + -309?
884
In base 6, what is -3 - 5040025?
-5040032
In base 10, what is 42728 + -4?
42724
In base 16, what is 9b + -57?
44
In base 7, what is 563 + 13135?
14031
In base 12, what is -50454 + -1?
-50455
In base 15, what is -4 - -1558d4?
1558d0
In base 11, what is -1256 - -923?
-433
In base 11, what is -12164 + -3?
-12167
In base 15, what is -3373ed + 1?
-3373ec
In base 4, what is 1 + -330220?
-330213
In base 15, what is a85ba + -5?
a85b5
In base 16, what is 2 + -2678f?
-2678d
In base 11, what is 2 - -6390a?
63911
In base 7, what is -15 + 26363?
26345
In base 9, what is -10635 + 22?
-10613
In base 15, what is 12979 + -2?
12977
In base 5, what is -341103 - 122?
-341230
In base 12, what is -3 - -a38a?
a387
In base 13, what is 486824 + 1?
486825
In base 3, what is 12 + 201021022?
201021111
In base 8, what is 405230 - 16?
405212
In base 13, what is -30b + 44?
-297
In base 4, what is 303320 + -22?
303232
In base 10, what is 2954 + 6?
2960
In base 5, what is -11102014 - -33?
-11101431
In base 11, what is 29a4 + 12?
2a06
In base 5, what is 13210 + 31103?
44313
In base 12, what is 12407 + -79?
1234a
In base 3, what is -120012 - 210122?
-1100211
In base 8, what is -562306 - 5?
-562313
In base 14, what is -5b3bc - -8?
-5b3b4
In base 15, what is 50e3 - 6?
50dc
In base 13, what is -347cc - -3?
-347c9
In base 2, what is 100111001010 + 1100100?
101000101110
In base 12, what is 34 - -7064?
7098
In base 6, what is 150 + -315305?
-315115
In base 12, what is -55 - -30a?
275
In base 3, what is -221020210210 - 2?
-221020210212
In base 12, what is -4b6 - -526?
30
In base 7, what is -16355 + 32?
-16323
In base 9, what is 0 - -18452?
18452
In base 6, what is -40115242 + 3?
-40115235
In base 9, what is -21 - 20827?
-20848
In base 10, what is -74 + -329?
-403
In base 13, what is -31bc - -7?
-31b5
In base 8, what is -235 - -17302?
17045
In base 10, what is -84928 - 4?
-84932
In base 15, what is -1e - 830?
-84e
In base 11, what is -1194 + -8a?
-1273
In base 7, what is 4 - -4134113?
4134120
In base 11, what is -185a + 4?
-1856
In base 9, what is 4 - 20188?
-20184
In base 2, what is 11011001011 + 10111001?
11110000100
In base 13, what is -1aa3 - -1?
-1aa2
In base 6, what is 14 - 3252?
-3234
In base 5, what is -4322313 - 1?
-4322314
In base 14, what is -27606 - 4?
-2760a
In base 8, what is 22135 + 140?
22275
In base 3, what is 100111220 + 0?
100111220
In base 4, what is -11033233 + 11?
-11033222
In base 2, what is -110010100101 + -1001011100?
-111100000001
In base 11, what is -9 + -2a840?
-2a849
In base 4, what is -1002101 - -3?
-1002032
In base 12, what is -3 + 2990a?
29907
In base 6, what is -2 - -243234?
243232
In base 3, what is -220 - 1102101111?
-1102102101
In base 14, what is -1200b6 - -2?
-1200b4
In base 13, what is -20b2 - -1?
-20b1
In base 14, what is -67d - -a86?
407
In base 10, what is -23548 - 6?
-23554
In base 2, what is 100 - 101000101110100011?
-101000101110011111
In base 12, what is 222 - -2948?
2b6a
In base 8, what is -14 + -1235?
-1251
In base 4, what is -203311 + 21?
-203230
In base 7, what is 21300002 + 0?
21300002
In base 8, what is 306026 - 21?
306005
In base 14, what is 16 - 9da6?
-9d90
In base 12, what is 10 - 3b18?
-3b08
In base 2, what is 11 - 110101011111?
-110101011100
In base 8, what is -5054160 + 0?
-5054160
In base 10, what is 2 + -27002?
-27000
In base 5, what is 4234 + 11030?
20314
In base 11, what is -86a - -1514?
755
In base 6, what is 442 - 231?
211
In base 2, what is -110000101 + 1101111?
-100010110
In base 14, what is 1834a - 1?
18349
In base 14, what is c237 + 0?
c237
In base 4, what is 11 - 23100300?
-23100223
In base 10, what is 29419 - -1?
29420
In base 6, what is 21 - 30155?
-30134
In base 5, what is 21220341 - -31?
21220422
In base 2, what is -1000110010 + -111?
-1000111001
In base 7, what is 246651 + 2?
246653
In base 5, what is 32 + 2013311?
2013343
In base 2, what is 10101 - -101011101110?
101100000011
In base 15, what is 6326 - -b?
6332
In base 6, what is 4 - -23154514?
23154522
In base 11, what is -28 + 882?
855
In base 14, what is 57 - 1dda?
-1d83
In base 5, what is -11023304 + -14?
-11023323
In base 16, what is -7c - d49?
-dc5
In base 8, what is 354 - -3150?
3524
In base 7, what is 1204 + -44?
1130
In base 10, what is 1 + 860264?
860265
In base 8, what is -2 + 346267?
346265
In base 16, what is 4 - -25a1?
25a5
In base 16, what is -9c + 784?
6e8
In base 12, what is 5 - 131885?
-131880
In base 2, what is -11101 + -1100110101011?
-1100111001000
In base 13, what is -77 - 1422?
-1499
In base 2, what is 0 - -10000010110001110?
10000010110001110
In base 7, what is 3 - -216610?
216613
In base 5, what is 110331 + 3133?
114014
In base 2, what is -101 - -100010101101101?
100010101101000
In base 5, what is 41 + -12023?
-11432
In base 11, what is 15303 - -156?
15459
In base 7, what is 23535 + 125?
23663
In base 15, what is -d3bce - 2?
-d3bd1
In base 3, what is -11 + -2001201111?
-2001201122
In base 3, what is 20202020211 + 12?
20202021000
In base 13, what is b94 - 13?
b81
In base 3, what is -100200002012 - -21?
-100200001221
In base 15, what is 17 + 181?
198
In base 8, what is 143 + -30273?
-30130
In base 5, what is 14 - -220?
234
In base 9, what is 2 + 15437?
15440
In base 12, what is -1a - -6647?
6629
In base 3, what is -2 + -111222212200?
-111222212202
In base 7, what is 16 + 32560?
32606
In base 6, what is 34104 + 3220?
41324
In base 16, what is -5852c - -3?
-58529
In base 8, what is -5541 + 14?
-5525
In base 10, what is -72806 + 5?
-72801
In base 3, what is -2010121 - 212222?
-10000120
In base 4, what is -13312 - -1203330?
1130012
In base 2, what is 11111100 + 1100101?
101100001
In base 9, what is -4 - -3458?
3454
In base 2, what is 10 + 10001101000101?
10001101000111
In base 15, what is -3 - -51589?
51586
In base 10, what is 45474 + -11?
45463
In base 7, what is -5 + -14001151?
-14001156
In base 2, what is 1100 + 110000010000110?
110000010010010
In base 10, what is 531749 - -4?
531753
In base 6, what is -145 + -22025?
-22214
In base 10, what is 26233 + 73?
26306
In base 15, what is 4 + -21833?
-2182e
In base 4, what is -2 + 12103333032?
12103333030
In base 3, what is -1002202220 - -10?
-1002202210
In base 13, what is -47 + 166?
11c
In base 4, what is 2110133 + 0?
2110133
In bas